{"id":2536,"date":"2022-02-07T16:35:05","date_gmt":"2022-02-07T15:35:05","guid":{"rendered":"https:\/\/www.velocity-limburg.nl\/?page_id=2536"},"modified":"2023-03-03T19:49:41","modified_gmt":"2023-03-03T18:49:41","slug":"registreren","status":"publish","type":"page","link":"https:\/\/www.velocity-limburg.nl\/de\/registreren\/","title":{"rendered":"Registrierung"},"content":{"rendered":"<h1>Registrierung<\/h1>\n<p>Die Nutzung unserer E-Bikes ist nach einmaliger Registrierung und Verifizierung Ihrer pers\u00f6nlichen Daten m\u00f6glich. Die Verifizierung f\u00fchren wir durch, um Missbrauch zu vermeiden. Bitte w\u00e4hlen Sie eine der folgenden Optionen zum Fortfahren.<\/p>\n<h2>Registrierung<\/h2>\n<p>Ihre Daten werden zun\u00e4chst online erfasst. Im n\u00e4chsten Schritt \u00fcberpr\u00fcfen wir die Richtigkeit Ihrer Angaben. Dazu haben Sie folgende M\u00f6glichkeiten:<\/p>\n<ul>\n<li>Laden Sie sich die Velocity App&nbsp;herunter und folgen Sie den Anweisungen zur Verifizierung.<\/li>\n<\/ul>\n<p><a href=\"https:\/\/portal.velocitymobility.com\/js_sign_up\/velocity-limburg#\/account\" target=\"_blank\" role=\"button\" rel=\"noopener\"><br \/>\nREGISTRIEREN<br \/>\n<\/a><\/p>\n<h2>Velocity ab 16<\/h2>\n<h3>Velocity f\u00fcr Minderj\u00e4hrige \u00fcber 16 Jahre<\/h3>\n<p>Du bist 16 oder \u00e4lter, hast das 18. Lebensjahr aber noch nicht erreicht und m\u00f6chtest unsere Bikes nutzen? Nichts leichter als das! Um unsere Bikes nutzen zu k\u00f6nnen, gehe bei der Registrierung bitte wie folgt vor:&nbsp;<\/p>\n<h2>01<\/h2>\n<h3>Formular downloaden<\/h3>\n<p>Registriere Dich <a href=\"https:\/\/portal.velocitymobility.com\/js_sign_up\/1784553531\">hier im Registrierungsportal<\/a>. Downloade anschlie\u00dfend das Registrierungsformular&nbsp;<em>Velocity ab 16<\/em>&nbsp;unter folgendem Link:&nbsp;<a href=\"https:\/\/www.velocity-aachen.de\/assets\/files\/Registrierung_ab_16_mit_Kontodaten_neu-interaktiv.pdf\" target=\"_blank\" rel=\"noopener\">Registrierungsformular Velocity ab 16<\/a><\/p>\n<h2>02<\/h2>\n<h3>Formular ausf\u00fcllen<\/h3>\n<p>Drucke und f\u00fclle das Formular aus und lasse es von beiden Erziehungsberechtigten\/gesetzlichen Vertreten (sofern vorhanden) unterzeichnen. Diese best\u00e4tigen damit die AGB von Velocity Region Aachen.<\/p>\n<h2>03<\/h2>\n<h3>Formular zusenden<\/h3>\n<p>Sende das Formular, deinen Personalausweis sowie den Personalausweis beider Erziehungsberechtigten\/gesetzlichen Vertretern als Scan oder Fotokopie an&nbsp;<a href=\"mailto:info@velocity-limburg.nl\">info@velocity-limburg.nl<\/a>.<\/p>\n<h2>04<\/h2>\n<h3>Registrieren und losfahren<\/h3>\n<p>Nach erfolgreicher Pr\u00fcfung wirst Du freigeschaltet. Gute Fahrt!&nbsp; &nbsp;<\/p>\n<h3>Download<\/h3>\n<p>Lade hier das Registrierungsformular&nbsp;<em>Velocity ab 16<\/em>&nbsp;herunter:<\/p>\n<p><a href=\"https:\/\/www.velocity-limburg.nl\/wp-content\/uploads\/2021\/11\/Registrierung_ab_16.pdf\" target=\"_blank\" role=\"button\" rel=\"noopener\"><br \/>\nVELOCITY AB 16<br \/>\n<\/a><\/p>\n","protected":false},"excerpt":{"rendered":"<p>Registrierung Die Nutzung unserer E-Bikes ist nach einmaliger Registrierung und Verifizierung Ihrer pers\u00f6nlichen Daten m\u00f6glich. Die Verifizierung f\u00fchren wir durch, um Missbrauch zu vermeiden. Bitte w\u00e4hlen Sie eine der folgenden Optionen zum Fortfahren. Registrierung Ihre Daten werden zun\u00e4chst online erfasst. Im n\u00e4chsten Schritt \u00fcberpr\u00fcfen wir die Richtigkeit Ihrer Angaben. Dazu haben Sie folgende M\u00f6glichkeiten: Laden &hellip;<\/p>\n<p class=\"read-more\"> <a class=\"\" href=\"https:\/\/www.velocity-limburg.nl\/de\/registreren\/\"> <span class=\"screen-reader-text\">Registrierung<\/span> Weiterlesen &raquo;<\/a><\/p>\n","protected":false},"author":9,"featured_media":3244,"parent":0,"menu_order":0,"comment_status":"closed","ping_status":"closed","template":"","meta":{"site-sidebar-layout":"no-sidebar","site-content-layout":"page-builder","ast-global-header-display":"","ast-main-header-display":"","ast-hfb-above-header-display":"","ast-hfb-below-header-display":"","ast-hfb-mobile-header-display":"","site-post-title":"disabled","ast-breadcrumbs-content":"","ast-featured-img":"disabled","footer-sml-layout":"","theme-transparent-header-meta":"enabled","adv-header-id-meta":"","stick-header-meta":"","header-above-stick-meta":"","header-main-stick-meta":"","header-below-stick-meta":"","footnotes":""},"class_list":["post-2536","page","type-page","status-publish","has-post-thumbnail","hentry"],"translation":{"provider":"WPGlobus","version":"3.0.2","language":"de","enabled_languages":["nl","de","en"],"languages":{"nl":{"title":true,"content":true,"excerpt":false},"de":{"title":true,"content":true,"excerpt":false},"en":{"title":true,"content":true,"excerpt":false}}},"yoast_head":"<!-- This site is optimized with the Yoast SEO plugin v20.10 - https:\/\/yoast.com\/wordpress\/plugins\/seo\/ -->\n<title>Registrieren | Ausleihen | Ankommen | Velocity Limburg<\/title>\n<meta name=\"description\" content=\"Die Nutzung unserer Elektrofahrr\u00e4der ist nach einer einmaligen Registrierung mit Ihren pers\u00f6nlichen Daten m\u00f6glich.\" \/>\n<meta name=\"robots\" content=\"index, follow, max-snippet:-1, max-image-preview:large, max-video-preview:-1\" \/>\n<link rel=\"canonical\" href=\"https:\/\/www.velocity-limburg.nl\/registreren\/\" \/>\n<meta property=\"og:locale\" content=\"de_DE\" \/>\n<meta property=\"og:type\" content=\"article\" \/>\n<meta property=\"og:title\" content=\"Registrieren | Ausleihen | Ankommen | Velocity Limburg\" \/>\n<meta property=\"og:description\" content=\"Die Nutzung unserer Elektrofahrr\u00e4der ist nach einer einmaligen Registrierung mit Ihren pers\u00f6nlichen Daten m\u00f6glich.\" \/>\n<meta property=\"og:url\" content=\"https:\/\/www.velocity-limburg.nl\/registreren\/\" \/>\n<meta property=\"og:site_name\" content=\"Velocity Limburg B.V.\" \/>\n<meta property=\"article:publisher\" content=\"https:\/\/www.facebook.com\/velocitysiegerland\" \/>\n<meta property=\"article:modified_time\" content=\"2023-03-03T18:49:41+00:00\" \/>\n<meta property=\"og:image\" content=\"https:\/\/www.velocity-limburg.nl\/wp-content\/uploads\/2022\/06\/LOG05624-scaled.jpg\" \/>\n\t<meta property=\"og:image:width\" content=\"2560\" \/>\n\t<meta property=\"og:image:height\" content=\"1707\" \/>\n\t<meta property=\"og:image:type\" content=\"image\/jpeg\" \/>\n<meta name=\"twitter:card\" content=\"summary_large_image\" \/>\n<meta name=\"twitter:label1\" content=\"Gesch\u00e4tzte Lesezeit\" \/>\n\t<meta name=\"twitter:data1\" content=\"2\u00a0Minuten\" \/>\n<script type=\"application\/ld+json\" class=\"yoast-schema-graph\">{\"@context\":\"https:\/\/schema.org\",\"@graph\":[{\"@type\":\"WebPage\",\"@id\":\"https:\/\/www.velocity-limburg.nl\/registreren\/\",\"url\":\"https:\/\/www.velocity-limburg.nl\/registreren\/\",\"name\":\"Registreren | Ontlenen | Aankomen | Velocity Limburg\",\"isPartOf\":{\"@id\":\"https:\/\/www.velocity-limburg.nl\/#website\"},\"datePublished\":\"2022-02-07T15:35:05+00:00\",\"dateModified\":\"2023-03-03T18:49:41+00:00\",\"description\":\"Het gebruik van onze elektrische fietsen is mogelijk na een eenmalige registratie met uw persoonlijke gegevens.\",\"breadcrumb\":{\"@id\":\"https:\/\/www.velocity-limburg.nl\/registreren\/#breadcrumb\"},\"inLanguage\":\"de\",\"potentialAction\":[{\"@type\":\"ReadAction\",\"target\":[\"https:\/\/www.velocity-limburg.nl\/registreren\/\"]}]},{\"@type\":\"BreadcrumbList\",\"@id\":\"https:\/\/www.velocity-limburg.nl\/registreren\/#breadcrumb\",\"itemListElement\":[{\"@type\":\"ListItem\",\"position\":1,\"name\":\"Startseite\",\"item\":\"https:\/\/www.velocity-limburg.nl\/\"},{\"@type\":\"ListItem\",\"position\":2,\"name\":\"Registrierung\"}]},{\"@type\":\"WebSite\",\"@id\":\"https:\/\/www.velocity-limburg.nl\/#website\",\"url\":\"https:\/\/www.velocity-limburg.nl\/\",\"name\":\"Velocity Limburg B.V.\",\"description\":\"\",\"publisher\":{\"@id\":\"https:\/\/www.velocity-limburg.nl\/#organization\"},\"potentialAction\":[{\"@type\":\"SearchAction\",\"target\":{\"@type\":\"EntryPoint\",\"urlTemplate\":\"https:\/\/www.velocity-limburg.nl\/?s={search_term_string}\"},\"query-input\":\"required name=search_term_string\"}],\"inLanguage\":\"de\"},{\"@type\":\"Organization\",\"@id\":\"https:\/\/www.velocity-limburg.nl\/#organization\",\"name\":\"Velocity Limburg B.V.\",\"url\":\"https:\/\/www.velocity-limburg.nl\/\",\"logo\":{\"@type\":\"ImageObject\",\"inLanguage\":\"de\",\"@id\":\"https:\/\/www.velocity-limburg.nl\/#\/schema\/logo\/image\/\",\"url\":\"https:\/\/www.velocity-limburg.nl\/wp-content\/uploads\/2021\/12\/VCL_Logo_weiss.png\",\"contentUrl\":\"https:\/\/www.velocity-limburg.nl\/wp-content\/uploads\/2021\/12\/VCL_Logo_weiss.png\",\"width\":2202,\"height\":728,\"caption\":\"Velocity Limburg B.V.\"},\"image\":{\"@id\":\"https:\/\/www.velocity-limburg.nl\/#\/schema\/logo\/image\/\"},\"sameAs\":[\"https:\/\/www.facebook.com\/velocitysiegerland\",\"https:\/\/www.instagram.com\/velocity.siegerland\/\",\"https:\/\/www.linkedin.com\/company\/velocity-mobility\/\"]}]}<\/script>\n<!-- \/ Yoast SEO plugin. -->","yoast_head_json":{"title":"Registrieren | Ausleihen | Ankommen | Velocity Limburg","description":"Die Nutzung unserer Elektrofahrr\u00e4der ist nach einer einmaligen Registrierung mit Ihren pers\u00f6nlichen Daten m\u00f6glich.","robots":{"index":"index","follow":"follow","max-snippet":"max-snippet:-1","max-image-preview":"max-image-preview:large","max-video-preview":"max-video-preview:-1"},"canonical":"https:\/\/www.velocity-limburg.nl\/registreren\/","og_locale":"de_DE","og_type":"article","og_title":"Registrieren | Ausleihen | Ankommen | Velocity Limburg","og_description":"Die Nutzung unserer Elektrofahrr\u00e4der ist nach einer einmaligen Registrierung mit Ihren pers\u00f6nlichen Daten m\u00f6glich.","og_url":"https:\/\/www.velocity-limburg.nl\/registreren\/","og_site_name":"Velocity Limburg B.V.","article_publisher":"https:\/\/www.facebook.com\/velocitysiegerland","article_modified_time":"2023-03-03T18:49:41+00:00","og_image":[{"width":2560,"height":1707,"url":"https:\/\/www.velocity-limburg.nl\/wp-content\/uploads\/2022\/06\/LOG05624-scaled.jpg","type":"image\/jpeg"}],"twitter_card":"summary_large_image","twitter_misc":{"Gesch\u00e4tzte Lesezeit":"2\u00a0Minuten"},"schema":{"@context":"https:\/\/schema.org","@graph":[{"@type":"WebPage","@id":"https:\/\/www.velocity-limburg.nl\/registreren\/","url":"https:\/\/www.velocity-limburg.nl\/registreren\/","name":"Registreren | Ontlenen | Aankomen | Velocity Limburg","isPartOf":{"@id":"https:\/\/www.velocity-limburg.nl\/#website"},"datePublished":"2022-02-07T15:35:05+00:00","dateModified":"2023-03-03T18:49:41+00:00","description":"Het gebruik van onze elektrische fietsen is mogelijk na een eenmalige registratie met uw persoonlijke gegevens.","breadcrumb":{"@id":"https:\/\/www.velocity-limburg.nl\/registreren\/#breadcrumb"},"inLanguage":"de","potentialAction":[{"@type":"ReadAction","target":["https:\/\/www.velocity-limburg.nl\/registreren\/"]}]},{"@type":"BreadcrumbList","@id":"https:\/\/www.velocity-limburg.nl\/registreren\/#breadcrumb","itemListElement":[{"@type":"ListItem","position":1,"name":"Startseite","item":"https:\/\/www.velocity-limburg.nl\/"},{"@type":"ListItem","position":2,"name":"Registrierung"}]},{"@type":"WebSite","@id":"https:\/\/www.velocity-limburg.nl\/#website","url":"https:\/\/www.velocity-limburg.nl\/","name":"Velocity Limburg B.V.","description":"","publisher":{"@id":"https:\/\/www.velocity-limburg.nl\/#organization"},"potentialAction":[{"@type":"SearchAction","target":{"@type":"EntryPoint","urlTemplate":"https:\/\/www.velocity-limburg.nl\/?s={search_term_string}"},"query-input":"required name=search_term_string"}],"inLanguage":"de"},{"@type":"Organization","@id":"https:\/\/www.velocity-limburg.nl\/#organization","name":"Velocity Limburg B.V.","url":"https:\/\/www.velocity-limburg.nl\/","logo":{"@type":"ImageObject","inLanguage":"de","@id":"https:\/\/www.velocity-limburg.nl\/#\/schema\/logo\/image\/","url":"https:\/\/www.velocity-limburg.nl\/wp-content\/uploads\/2021\/12\/VCL_Logo_weiss.png","contentUrl":"https:\/\/www.velocity-limburg.nl\/wp-content\/uploads\/2021\/12\/VCL_Logo_weiss.png","width":2202,"height":728,"caption":"Velocity Limburg B.V."},"image":{"@id":"https:\/\/www.velocity-limburg.nl\/#\/schema\/logo\/image\/"},"sameAs":["https:\/\/www.facebook.com\/velocitysiegerland","https:\/\/www.instagram.com\/velocity.siegerland\/","https:\/\/www.linkedin.com\/company\/velocity-mobility\/"]}]}},"_links":{"self":[{"href":"https:\/\/www.velocity-limburg.nl\/de\/wp-json\/wp\/v2\/pages\/2536","targetHints":{"allow":["GET"]}}],"collection":[{"href":"https:\/\/www.velocity-limburg.nl\/de\/wp-json\/wp\/v2\/pages"}],"about":[{"href":"https:\/\/www.velocity-limburg.nl\/de\/wp-json\/wp\/v2\/types\/page"}],"author":[{"embeddable":true,"href":"https:\/\/www.velocity-limburg.nl\/de\/wp-json\/wp\/v2\/users\/9"}],"replies":[{"embeddable":true,"href":"https:\/\/www.velocity-limburg.nl\/de\/wp-json\/wp\/v2\/comments?post=2536"}],"version-history":[{"count":10,"href":"https:\/\/www.velocity-limburg.nl\/de\/wp-json\/wp\/v2\/pages\/2536\/revisions"}],"predecessor-version":[{"id":3609,"href":"https:\/\/www.velocity-limburg.nl\/de\/wp-json\/wp\/v2\/pages\/2536\/revisions\/3609"}],"wp:featuredmedia":[{"embeddable":true,"href":"https:\/\/www.velocity-limburg.nl\/de\/wp-json\/wp\/v2\/media\/3244"}],"wp:attachment":[{"href":"https:\/\/www.velocity-limburg.nl\/de\/wp-json\/wp\/v2\/media?parent=2536"}],"curies":[{"name":"wp","href":"https:\/\/api.w.org\/{rel}","templated":true}]}}

<h1>Registrierung</h1>
<p>Die Nutzung unserer E-Bikes ist nach einmaliger Registrierung und Verifizierung Ihrer persönlichen Daten möglich. Die Verifizierung führen wir durch, um Missbrauch zu vermeiden. Bitte wählen Sie eine der folgenden Optionen zum Fortfahren.</p>
<h2>Registrierung</h2>
<p>Ihre Daten werden zunächst online erfasst. Im nächsten Schritt überprüfen wir die Richtigkeit Ihrer Angaben. Dazu haben Sie folgende Möglichkeiten:</p>
<ul>
<li>Laden Sie sich die Velocity App&nbsp;herunter und folgen Sie den Anweisungen zur Verifizierung.</li>
</ul>
<p><a href="https://portal.velocitymobility.com/js_sign_up/velocity-limburg#/account" target="_blank" role="button" rel="noopener"><br />
REGISTRIEREN<br />
</a></p>
<h2>Velocity ab 16</h2>
<h3>Velocity für Minderjährige über 16 Jahre</h3>
<p>Du bist 16 oder älter, hast das 18. Lebensjahr aber noch nicht erreicht und möchtest unsere Bikes nutzen? Nichts leichter als das! Um unsere Bikes nutzen zu können, gehe bei der Registrierung bitte wie folgt vor:&nbsp;</p>
<h2>01</h2>
<h3>Formular downloaden</h3>
<p>Registriere Dich <a href="https://portal.velocitymobility.com/js_sign_up/1784553531">hier im Registrierungsportal</a>. Downloade anschließend das Registrierungsformular&nbsp;<em>Velocity ab 16</em>&nbsp;unter folgendem Link:&nbsp;<a href="https://www.velocity-aachen.de/assets/files/Registrierung_ab_16_mit_Kontodaten_neu-interaktiv.pdf" target="_blank" rel="noopener">Registrierungsformular Velocity ab 16</a></p>
<h2>02</h2>
<h3>Formular ausfüllen</h3>
<p>Drucke und fülle das Formular aus und lasse es von beiden Erziehungsberechtigten/gesetzlichen Vertreten (sofern vorhanden) unterzeichnen. Diese bestätigen damit die AGB von Velocity Region Aachen.</p>
<h2>03</h2>
<h3>Formular zusenden</h3>
<p>Sende das Formular, deinen Personalausweis sowie den Personalausweis beider Erziehungsberechtigten/gesetzlichen Vertretern als Scan oder Fotokopie an&nbsp;<a href="mailto:info@velocity-limburg.nl">info@velocity-limburg.nl</a>.</p>
<h2>04</h2>
<h3>Registrieren und losfahren</h3>
<p>Nach erfolgreicher Prüfung wirst Du freigeschaltet. Gute Fahrt!&nbsp; &nbsp;</p>
<h3>Download</h3>
<p>Lade hier das Registrierungsformular&nbsp;<em>Velocity ab 16</em>&nbsp;herunter:</p>
<p><a href="https://www.velocity-limburg.nl/wp-content/uploads/2021/11/Registrierung_ab_16.pdf" target="_blank" role="button" rel="noopener"><br />
VELOCITY AB 16<br />
</a></p>

<p>Registrierung Die Nutzung unserer E-Bikes ist nach einmaliger Registrierung und Verifizierung Ihrer persönlichen Daten möglich. Die Verifizierung führen wir durch, um Missbrauch zu vermeiden. Bitte wählen Sie eine der folgenden Optionen zum Fortfahren. Registrierung Ihre Daten werden zunächst online erfasst. Im nächsten Schritt überprüfen wir die Richtigkeit Ihrer Angaben. Dazu haben Sie folgende Möglichkeiten: Laden &hellip;</p>
<p class="read-more"> <a class="" href="https://www.velocity-limburg.nl/de/registreren/"> <span class="screen-reader-text">Registrierung</span> Weiterlesen &raquo;</a></p>

<!-- This site is optimized with the Yoast SEO plugin v20.10 - https://yoast.com/wordpress/plugins/seo/ -->
<title>Registrieren | Ausleihen | Ankommen | Velocity Limburg</title>
<meta name="description" content="Die Nutzung unserer Elektrofahrräder ist nach einer einmaligen Registrierung mit Ihren persönlichen Daten möglich." />
<meta name="robots" content="index, follow, max-snippet:-1, max-image-preview:large, max-video-preview:-1" />
<link rel="canonical" href="https://www.velocity-limburg.nl/registreren/" />
<meta property="og:locale" content="de_DE" />
<meta property="og:type" content="article" />
<meta property="og:title" content="Registrieren | Ausleihen | Ankommen | Velocity Limburg" />
<meta property="og:description" content="Die Nutzung unserer Elektrofahrräder ist nach einer einmaligen Registrierung mit Ihren persönlichen Daten möglich." />
<meta property="og:url" content="https://www.velocity-limburg.nl/registreren/" />
<meta property="og:site_name" content="Velocity Limburg B.V." />
<meta property="article:publisher" content="https://www.facebook.com/velocitysiegerland" />
<meta property="article:modified_time" content="2023-03-03T18:49:41+00:00" />
<meta property="og:image" content="https://www.velocity-limburg.nl/wp-content/uploads/2022/06/LOG05624-scaled.jpg" />
	<meta property="og:image:width" content="2560" />
	<meta property="og:image:height" content="1707" />
	<meta property="og:image:type" content="image/jpeg" />
<meta name="twitter:card" content="summary_large_image" />
<meta name="twitter:label1" content="Geschätzte Lesezeit" />
	<meta name="twitter:data1" content="2 Minuten" />
<script type="application/ld+json" class="yoast-schema-graph">{"@context":"https://schema.org","@graph":[{"@type":"WebPage","@id":"https://www.velocity-limburg.nl/registreren/","url":"https://www.velocity-limburg.nl/registreren/","name":"Registreren | Ontlenen | Aankomen | Velocity Limburg","isPartOf":{"@id":"https://www.velocity-limburg.nl/#website"},"datePublished":"2022-02-07T15:35:05+00:00","dateModified":"2023-03-03T18:49:41+00:00","description":"Het gebruik van onze elektrische fietsen is mogelijk na een eenmalige registratie met uw persoonlijke gegevens.","breadcrumb":{"@id":"https://www.velocity-limburg.nl/registreren/#breadcrumb"},"inLanguage":"de","potentialAction":[{"@type":"ReadAction","target":["https://www.velocity-limburg.nl/registreren/"]}]},{"@type":"BreadcrumbList","@id":"https://www.velocity-limburg.nl/registreren/#breadcrumb","itemListElement":[{"@type":"ListItem","position":1,"name":"Startseite","item":"https://www.velocity-limburg.nl/"},{"@type":"ListItem","position":2,"name":"Registrierung"}]},{"@type":"WebSite","@id":"https://www.velocity-limburg.nl/#website","url":"https://www.velocity-limburg.nl/","name":"Velocity Limburg B.V.","description":"","publisher":{"@id":"https://www.velocity-limburg.nl/#organization"},"potentialAction":[{"@type":"SearchAction","target":{"@type":"EntryPoint","urlTemplate":"https://www.velocity-limburg.nl/?s={search_term_string}"},"query-input":"required name=search_term_string"}],"inLanguage":"de"},{"@type":"Organization","@id":"https://www.velocity-limburg.nl/#organization","name":"Velocity Limburg B.V.","url":"https://www.velocity-limburg.nl/","logo":{"@type":"ImageObject","inLanguage":"de","@id":"https://www.velocity-limburg.nl/#/schema/logo/image/","url":"https://www.velocity-limburg.nl/wp-content/uploads/2021/12/VCL_Logo_weiss.png","contentUrl":"https://www.velocity-limburg.nl/wp-content/uploads/2021/12/VCL_Logo_weiss.png","width":2202,"height":728,"caption":"Velocity Limburg B.V."},"image":{"@id":"https://www.velocity-limburg.nl/#/schema/logo/image/"},"sameAs":["https://www.facebook.com/velocitysiegerland","https://www.instagram.com/velocity.siegerland/","https://www.linkedin.com/company/velocity-mobility/"]}]}</script>
<!-- / Yoast SEO plugin. -->

Die Nutzung unserer Elektrofahrräder ist nach einer einmaligen Registrierung mit Ihren persönlichen Daten möglich.
